-15*c, 70 = 3*i - c. Calculate the highest common divisor of x and i.
24
Let n = -543 - -546. Suppose 96 = n*s - 21. Calculate the highest common divisor of s and 104.
13
Let k(a) = -a**3 + 24*a**2 - 140*a + 19. Let t be k(13). Calculate the greatest common factor of 14 and t.
2
Suppose -2 = -4*l + 6*l. Let b = 42 + -88. Let p = l - b. What is the highest common divisor of 9 and p?
9
Suppose -61*q + 18639 + 4236 = 0. Calculate the greatest common factor of 180 and q.
15
Suppose 2*j + 864 = d, j + 464 = -3*d + 3070. What is the greatest common divisor of 168 and d?
28
Let h = -510 - -1021. What is the greatest common divisor of h and 42?
7
Suppose 2*u + g - 237 = 0, 0 = 5*u - 2*g - 54 - 534. Let m be u + 3 + 4 + -7. Calculate the greatest common factor of m and 295.
59
Suppose -94*i - 58*i + 2461 = -427. What is the greatest common divisor of i and 6517?
19
Let x = -7049 - -7509. Calculate the greatest common divisor of 20 and x.
20
Let r(w) = w - 4. Let q be r(-4). Let m = 72 - q. Suppose 60 + 0 = 6*l. Calculate the highest common divisor of l and m.
10
Suppose 12*g + 20*g - 5280 = 0. Let d = g - 113. What is the highest common divisor of 4 and d?
4
Suppose -11*o - 1946 = -6951. Calculate the greatest common divisor of 546 and o.
91
Suppose 6*q = q - 35, -5*o = -8*q - 8716. What is the highest common divisor of o and 12?
4
Let z = -82 + 155. Let j be -53 + 4 + 4/(-2). Let g = j + z. Calculate the greatest common divisor of 22 and g.
22
Suppose 6*l + 2*t - 988 = 2*l, -4*t + 8 = 0. Suppose 8*b = 162 + l. Calculate the greatest common factor of 255 and b.
51
Suppose 0 = -4*m + 5*l + 291, 5*m - 133 - 227 = 5*l. Suppose 0 = -4*d - b + 665, 0 = -d - 4*b + m + 116. What is the greatest common factor of 33 and d?
33
Suppose 9*z = 8*z - 3. Let f(h) = h**2 - h - 1. Let n be f(z). Let w be (15/10)/((4/264)/1). What is the greatest common factor of n and w?
11
Let i be (-2)/(-12)*-8 + 290811/9. What is the greatest common factor of 79 and i?
79
Let r(o) = -o**3 + 50*o**2 - 28*o**2 + 7 - 9*o - 13*o**2. Let p be r(7). What is the highest common divisor of 14 and p?
14
Suppose -o = -5*n + 40, 6*n - 194 = 4*o + 3*n. Let x be ((-76)/(-8))/(5/o). Let h = -87 - x. Calculate the highest common divisor of h and 104.
8
Let f be (-166)/(-10) - (-10)/200*8. Calculate the greatest common divisor of f and 16609.
17
Suppose -17353*p + 176 = -17345*p. Let m(d) = -d - 5. Let a be m(-6). Let z(t) = 21*t + 1. Let k be z(a). Calculate the greatest common divisor of p and k.
22
Let d be 1*-8*(-2 - 3). Suppose 116350 = 400*i + 5*i + 7000. Calculate the highest common divisor of i and d.
10
Let v(o) = -o**2 - 2*o - 4. Let t be v(6). Let b = t + 85. Let r be 3 - ((-12)/5)/((-39)/(-130)). What is the highest common divisor of b and r?
11
Suppose 2*m + 5*h - 217 = 220, 5*m = 4*h + 1076. What is the highest common factor of 81 and m?
27
Let u(x) = x**2 - 40*x - 1032. Let j be u(58). What is the highest common divisor of 1068 and j?
12
Let p(q) = -3*q + 39. Suppose -4*g - 5*a = -0 + 27, -g = 2*a + 3. Let m be p(g). Calculate the greatest common factor of m and 66.
6
Suppose -u + 101 = -4*n, -2*u = 12*n - 11*n - 166. Calculate the highest common divisor of u and 2329.
17
Let h(w) be the first derivative of 45*w**2/2 - 146*w + 143. Let u be h(4). What is the highest common factor of u and 85?
17
Suppose -4*a = 3*l - 600, -4*a - 1000 = -2*l - 3*l. Let n = 330 - l. What is the highest common divisor of n and 50?
10
Suppose -5*k = 3*k - 624. Let h(q) = 52*q**3 - q**2 - 5*q + 6. Let n be h(1). Calculate the highest common divisor of n and k.
26
Let l(h) = 2*h**3 - 3*h + 8. Suppose -7*i + i - 10*i = 0. Let a be l(i). Calculate the highest common factor of a and 8.
8
Suppose 47*d = 25*d + 22577 + 12975. Calculate the highest common divisor of d and 208.
16
Let l(t) = 4*t + 95. Suppose j + j - 5*q + 43 = 0, 6 = 2*q. Let d be l(j). What is the highest common factor of 52 and d?
13
Suppose 19*b + 9 = -219. Let s be ((-104)/b)/(16/24). Calculate the greatest common divisor of 13 and s.
13
Let m be (2/3)/((-2)/(-9)). Suppose -m*y + 6*y - 12 = -c, -y - 26 = -3*c. Suppose 0 = -c*l - 1 + 55. What is the greatest common factor of 78 and l?
6
Let s = -353 + 825. Suppose 5*j - 385 - 91 = -2*k, 5*j = -4*k + s. Calculate the highest common factor of 32 and j.
32
Let o(l) = 2*l**3 + 11*l**2 + l - 4. Let q be o(-5). Suppose -50*u + 2300 - 180 = 3*u. Calculate the highest common divisor of u and q.
8
Suppose -5*y + 2*d - 206 - 104 = 0, -y - 54 = -2*d. Let r = y + -40. Let q be (-3 + 4 - 3)*r. Calculate the greatest common divisor of q and 13.
13
Let d(m) = -17*m**2 - 35*m + 21. Let n(s) = -14*s**2 - 34*s + 22. Let i(q) = -3*d(q) + 4*n(q). Let f be i(-6). What is the highest common divisor of 899 and f?
31
Let p = -36 + 246. Let j be (216/16)/(7/p). What is the greatest common divisor of 15 and j?
15
Suppose 66*g - 16 = 64*g. Let l be (-148)/(-111)*66/g. Calculate the highest common factor of 1 and l.
1
Let o(l) = l**3 - 10*l**2 - 44*l + 32. Let v be o(14). Let x = -119 - -194. Calculate the greatest common factor of v and x.
25
Let c(b) = 3*b**3 + 4*b**2 - b. Let t be c(3). Suppose 0 = 236*k - 146*k + 449*k + 78*k - 3702. What is the highest common factor of k and t?
6
Let j(g) = -6*g**2 + 20*g + 12. Let t be j(14). Let m be (-39644)/t - 4/(-26). What is the highest common divisor of m and 15?
15
Let d(t) = -t - 7. Let k be d(-9). Let s be k - 2*(2 + -9). Let a = -3196 - -3244. What is the highest common divisor of s and a?
16
Let l = 1742 + -1490. What is the highest common divisor of 112 and l?
28
Let n = 81 - 56. Suppose 2808 = -17*x + 462. Let h = x + 143. Calculate the greatest common divisor of n and h.
5
Let s = 17029 + -12749. What is the greatest common divisor of s and 160?
40
Let y be (-387)/172*(-408)/(-9). Let f = -61 + 165. Let t = f + y. Calculate the greatest common factor of 14 and t.
2
Let u = 619 - 614. Let h(g) = -2*g**3 + 7*g**2 + 21*g - 8. Let j be h(u). What is the greatest common divisor of 1034 and j?
22
Suppose 0 = 3*z - 84 - 6. Suppose -5*c + 2*o + 0*o + 102 = 0, -z = -c - 2*o. Let n = 1432 - 1421. What is the greatest common divisor of c and n?
11
Let l = -742 + 3045. Calculate the highest common factor of 47 and l.
47
Suppose 0 = -3*r - 2*r - 10, 2*h - 3*r - 472 = 0. Let u = 196 - 333. Let z = u + h. What is the highest common divisor of z and 32?
32
Let n(q) = 18*q + 218. Let y(t) = -6*t. Let b be y(2). Let r be n(b). What is the greatest common factor of r and 18?
2
Let p be (-10)/(-4)*(-1 + 28/20). Let n be -3 + (-3)/(p - 2). Suppose j - w = n, -5*j + 4*w - w = -6. Calculate the greatest common factor of j and 57.
3
Let g(b) = -b**3 + 14*b**2 + 19*b - 16. Let f be g(-4). What is the greatest common divisor of f and 14602?
98
Let q = -19808 - -26756. Calculate the greatest common factor of q and 198.
18
Let a(w) = 2*w**2 + 7*w + 9. Let y be a(-8). Let j = -431 - -607. Let d be (-32)/j + 202/22. What is the highest common factor of y and d?
9
Let c be (-4)/(-6)*(1498 - 37). Suppose -13*s + 2898 = c. What is the highest common factor of s and 37?
37
Suppose 34*g - 209 = 14*g + 191. Suppose 0 = -4*h + 42 + 98. Calculate the greatest common factor of g and h.
5
Let w be (245/(-25) + 7)/((-2)/25). Suppose -3*k - w = -4*k. What is the greatest common factor of k and 25?
5
Suppose -783 - 417 = -25*t. What is the greatest common divisor of 1596 and t?
12
Suppose -34*u + 43*u - 113*u = -168480. Calculate the greatest common divisor of 120 and u.
60
Suppose 3*b = 5*m - 32080, -5*b = 6*m - 8*m + 12851. What is the greatest common factor of 53 and m?
53
Let z be (12016/64)/((-2)/(-8) + 0). Suppose l - z = -3*t, -2*t + l = -4*t + 501. What is the greatest common factor of 25 and t?
25
Suppose -119 = s + 157. Let d = 305 - s. Calculate the greatest common divisor of d and 7.
7
Let c(w) = -w**2 + 10*w - 17. Let b = -108 - -112. Let m be c(b). Calculate the greatest common factor of m and 5.
1
Suppose -5*g = w - 126, 567 = 4*w - 3*g + 155. What is the greatest common factor of w and 26?
2
Let y = -518 + 1098. Let l = 706 - y. What is the highest common divisor of 42 and l?
42
Suppose -4*t - l + 144 = l, 0 = -5*t + 5*l + 150. Let g = t - 32. Suppose j + 8 = g*j. What is the highest commo